- 5. Let j be (0/5)/(-2 - 0). Calculate r(j).
-5
Let v(a) = a**2 + 6*a. Let o(s) = s**2 - 4*s - 2. Let d be o(3). Determine v(d).
-5
Let c(w) = 2*w. Let l(q) = -q - 5*q**2 + 5 + 8*q + 0*q**2 - q**3. Let f be l(-6). Calculate c(f).
-2
Let n(g) = 7*g**3 + 5*g**2 + 13*g + 9. Let p(f) = 3*f**3 + 3*f**2 + 6*f + 4. Let s(t) = -2*n(t) + 5*p(t). Calculate s(-3).
8
Suppose -5*u + 12 = 2. Suppose 0 = 14*c - 15*c + 5. Let q(g) = -c - 6 + 5*g + 11. Calculate q(u).
10
Let x(y) = -718 - y**2 + 19*y**3 + 718. What is x(-1)?
-20
Let n(h) = 4*h**2 - h**2 + 3*h**2 + 3*h + 1 - 7*h**2. Calculate n(-2).
-9
Let d(p) = p**3 - 3*p**2 + p - 2. Let y(z) = -3 + 3*z - 4 - 2*z. Let m be y(9). Let h(v) = -v**2 + 5*v - 3. Let n be h(m). Determine d(n).
1
Let a be ((-50)/(-4))/(-5)*2. Let j(z) = -5*z**2 + 5*z + 12. Let v(b) = 2*b**2 - 3*b - 6. Let h(g) = 3*j(g) + 7*v(g). Give h(a).
-1
Let r(j) = 2*j**2 - 3*j - j**2 - 4*j. Let t be -9*(2/(-6) + 0). Determine r(t).
-12
Let u(x) be the second derivative of x**3/2 - 3*x**2/2 - x. Let b be ((-2)/(-2) - 10)/(-1). Let o be 16/9 + 2/b. What is u(o)?
3
Suppose 5*a + 2*p = 50, -a = -4*p + 13 - 1. Let q(n) = -n**3 + 7*n**2 + 8*n - 7. Give q(a).
-7
Let s(g) = 2*g + 15. Let n be s(-7). Let k(x) = -1 - n + 2*x + 6 - 6. Calculate k(2).
2
Let c(y) be the third derivative of 5*y**4/24 - y**3/6 + 5*y**2. What is c(-3)?
-16
Let n(y) = -15*y**2 + 8*y - 7 + 11*y**2 + 10*y**2 - y**3. Give n(7).
0
Suppose -7*s = -5*s + 8. Let j(q) = q**2 + 6*q + 2. Calculate j(s).
-6
Let b(w) = 2*w - 7. Let c(l) = l**2 + 2*l + 3. Suppose 5*o + 2 = -4*q + 3, -4*q + 28 = -4*o. Let x be c(o). What is b(x)?
5
Suppose -6 = -4*s + s. Let l(i) = -2*i. Let t(d) = d**2 - 9*d - 2. Let j(v) = -4*l(v) + t(v). Calculate j(s).
0
Suppose -5*z = -5*t - 40, z = -4*t - 0 - 7. Let c(y) = y**3 - 5*y**2 - y + 3. Determine c(z).
-2
Let r(p) be the second derivative of p**5/20 + p**4/4 - 2*p**3/3 - p**2 - 7*p. Suppose 5*g + 5 + 15 = 0. Give r(g).
-2
Let h(b) = b + 8. Suppose -a - 3*a = 2*w, -w = -2*a. What is h(w)?
8
Let q(f) = -f**3 + 6*f**2 + 17*f + 5. Let i be q(8). Let t = -18 + i. Let z(w) = w**3 + 4*w**2 - 3*w + 3. What is z(t)?
-7
Suppose 0 = 5*o + 3*g + 24, -g - 2*g + 12 = -o. Let y(h) = -h**2 - 5*h + 6. Calculate y(o).
0
Let x(n) = -n**3 - 4*n**2 + 4*n - 6. Let t(v) = -v**2 - 4*v. Suppose r = -0*r - 4*u + 11, -5*u + 40 = -4*r. Let j be t(r). What is x(j)?
-1
Let f be (-2 - -2)*3/(-9). Let i(k) = k**2 + 7. Calculate i(f).
7
Suppose 0 = -2*a - 17 + 1. Let r be ((-2)/(-1))/(a/(-12)). Let s = -1 + r. Let l(i) = -i**3 + 4*i**2 - 2. Give l(s).
6
Let a(u) = u**3 - u - 1. Let j(q) = q**2 - 3. Let l(x) = 2*a(x) - j(x). Let b be (10/4)/(1/2). Suppose -b*o + 7 = -3. Give l(o).
9
Let l(c) be the first derivative of c**3/3 - 3*c**2/2 - c + 1. Suppose -2*k - k + 6 = 0. Suppose -k*g = -3*g + 2*w - 4, -3*w = -4*g + 4. Determine l(g).
3
Let x = 17/22 + -3/11. Let c(g) be the second derivative of 3*g + 5/3*g**3 + 0 - x*g**2. Determine c(1).
9
Let v = -3 - -5. Suppose -r = 4*r + 5. Let h be (0 - r)*(v + -3). Let j(b) = -6*b**3 - 1. Calculate j(h).
5
Let o(p) = 8 - 4 + 11 + 9 - p. Let w(l) = 0 - 2 + 8. Let t(f) = -2*o(f) + 9*w(f). Give t(-4).
-2
Let x(u) = u + 4. Suppose -7*t = -2*t. Determine x(t).
4
Let k(m) = -m**3 - 5*m**2 - m - 7. Let p be (-28)/6 - (-14)/(-42). Determine k(p).
-2
Let v(m) = m**3 + 2*m - 3*m + 2*m - 4. Let c be 0/(3/(0 + -3)). Give v(c).
-4
Let a(n) be the second derivative of -2*n**2 + 0 - 5/6*n**3 - 2*n + 1/20*n**5 + 1/4*n**4. Let b = -10 + 6. What is a(b)?
0
Let o be (-8)/6 + (-2)/(-6). Let i be ((-33)/(-22))/(1/2). Let w(z) = i*z - 2*z - 5*z + 3*z - 4*z**2 - 1. Determine w(o).
-4
Suppose 3*p - 2*d = -2*p + 102, 0 = -p + 5*d + 25. Suppose 6*x - x = p. Suppose 9*r - 15 = x*r. Let h(b) = b**2 - 4*b. Calculate h(r).
-3
Let y = -8 + 11. Let a(i) = 0*i - y*i - i. Give a(-2).
8
Let x(m) = -m + 19. Let k be x(19). Let t(l) = l + 9. Determine t(k).
9
Let n(d) = d**3 - 4*d**2 - 7*d + 7. Let f(q) = -q + 13. Let w be f(8). Let p be n(w). Let y be (0 - p)*(-2)/3. Let t(j) = 2*j**3 + 3*j**2 + 3*j + 1. Give t(y).
-9
Let i(p) be the third derivative of p**8/6720 + p**7/360 + p**6/90 + p**5/20 - p**4/4 + 5*p**2. Let l(u) be the second derivative of i(u). Calculate l(-6).
-6
Let a(n) = -n**3 - 2*n**2 - 3*n - 6. Let r(k) = -k**2 + k. Let u(c) = c**3 - 7*c**2 + 5*c + 1. Let o(t) = -6*r(t) + u(t). Let p(h) = -a(h) - 2*o(h). Give p(5).
4
Let a(k) = 5*k + 1. Let b(j) = 4*j + 1. Let n(h) = -5*a(h) + 7*b(h). Determine n(-5).
-13
Let k = -21 - -16. Let x(p) = -p**2 - 4*p - 4. Calculate x(k).
-9
Suppose k = -5*w + 13, k = -2*w - 1 + 8. Suppose 20 = 3*z + w*z. Let s(o) = -o - 2 + 5 - z. What is s(-4)?
3
Let u(v) = 2*v**2 + 9*v - 3. Let p be u(-5). Let t(m) = -2*m**3 + m**2 + 2*m + 1. Calculate t(p).
-7
Suppose -10*d + 11*d + 5 = 0. Let a(r) = r - 6 - 2 - 2*r. Calculate a(d).
-3
Let h(s) = -s**2 + 8*s - 3. Let g = 40 + -33. Calculate h(g).
4
Let z(y) be the first derivative of -1/4*y**4 - y - 5/3*y**3 + 0*y**2 - 3. Determine z(-5).
-1
Let o(r) = 6*r**3 - 2*r**2 - 14*r + 4. Let l(h) = -5*h**3 + h**2 + 13*h - 4. Let i(p) = 7*l(p) + 6*o(p). Determine i(4).
8
Let z be -1 + 3 + -1 - 0. Let p(k) = -4*k**3 - 2*k + 1. Determine p(z).
-5
Let h be 8 + -12 - (1 + 1). Let k be h/(-9)*45/6. Let w(y) = -y**3 + 6*y**2 - 7*y + 4. Calculate w(k).
-6
Let v be ((-12)/10)/(2/5). Let w(t) = t**3 + 2*t**2 - 2*t - 1. What is w(v)?
-4
Let l(b) = b - 9. Let z be l(8). Let h(v) = -4*v**2 - v. Give h(z).
-3
Let o(z) = z**3 - 6*z**2 - 9. Let d(l) = 2*l**3 - 12*l**2 - l - 17. Let k(y) = 6*d(y) - 11*o(y). Give k(7).
4
Let j(s) = 3 + 9*s - 1 - 10*s. Give j(-2).
4
Let n = 1 + 1. Let k(o) be the first derivative of -o**2 + 3*o + 3. Give k(n).
-1
Let b(f) = -7*f + 3*f + f**2 + 3*f - 3*f + 1. Determine b(5).
6
Let o be (-4)/(-6) - 16/6. Let i(d) = -d - 2. Give i(o).
0
Let y(s) = 3*s - 1. Let n(q) = q + 1. Let i(f) = -f - 2. Let x(u) = -i(u) - 2*n(u). Let j(b) = -5*x(b) - 2*y(b). What is j(2)?
0
Let v(g) = -3*g**2 - g - 7. Let w(d) = -7*d**2 - 3*d - 15. Let n(s) = -9*v(s) + 4*w(s). What is n(-5)?
-7
Let q be -1 + -2 + (-9 - -12). Let k(u) = q*u - 2*u + u + 6 + 0*u. Calculate k(0).
6
Let l(v) = v**2 - 4*v - 4. Suppose 0*r + 2*j = -4*r + 14, 4*r = -j + 17. Determine l(r).
1
Let u = 3 + 0. Suppose 5*g - 4*x - 40 = x, 2*g + 4*x = -2. Let r(l) = -2*l - l - 1 - u*l + g*l. Determine r(-6).
5
Let u(a) = -a + a**2 - 2 + 5*a + 1 - 2*a. Give u(-2).
-1
Let i(u) = -u**2 - 2*u - 2. Suppose 18 = -d - 5*h, -3*h = d - 0*d + 12. Determine i(d).
-5
Let p(f) = f - 14. Let h = -105 + 111. Determine p(h).
-8
Let t be ((-3)/2)/(2/4). Let q be (-4)/(3 + t + 1). Let d be ((-3)/q)/(3/(-12)). Let g(m) = -m**3 - 4*m**2 - 4*m. Give g(d).
3
Let q(p) = -4*p**2 - p. Let v be ((-8)/(-20))/((-1)/(-10)). Suppose 0 = -4*r + a - 2*a, -v*r = -4*a - 20. Give q(r).
-5
Suppose 5*l + 37 = -3*i, 2*i - 4*l - 28 = 4*i. Let v(g) = -g + 3. Give v(i).
7
Suppose 2*o + 5*d + 0*d = 3, 0 = d - 1. Let c(a) = -8*a**2 + 7*a. Let f = -22 + 28. Let j(k) = -17*k**2 + 15*k. Let r(y) = f*j(y) - 13*c(y). Determine r(o).
3
Suppose 4*j - 2 = 2*j. Let o(x) be the first derivative of -x**3/3 + x**2/2 - 2. Calculate o(j).
0
Let k(o) = -o**2 + 5*o + 4. Let i(g) = g**3 + 4*g**2 - 3. Let d be i(-2). Let q = d - -1. Determine k(q).
-2
Suppose 23*l - 7 - 62 = 0. Let r(j) be the second derivative of -l*j + 7/6*j**3 + 0 + 1/2*j**2. What is r(1)?
8
Let l(b) be the first derivative of b**4/4 + 7*b**3/3 + 3*b**2 + 2*b - 18. What is l(-6)?
2
Let q(t) = t**3 - 4*t**2 - 2*t - 3. Suppose -c + 13 = u, 0*c + 49 = 4*u + c. Let s be (-2)/6*-1*u. Give q(s).
-11
Let u(h) = -6*h**2 - 1. Let z(b) = -5*b**2 - b - 2. Let s(l) = 4*u(l) - 5*z(l). What is s(-5)?
6
Let y(i) = i**3 - 9*i**2 + 9*i - 3. Suppose u - 80 = -u. Let p be ((-28)/(-70))/(2/u). Calculate y(p).
5
Let u(d) be the third derivative of -d**7/840 - d**6/60 - d**5/60 - 3*d**4/8 + d**3/6 + 3*d**2. Let j(g) be the first derivative of u(g). Give j(-6).
3
Let f(i) = 3*i**3 + 5*i - 13. Let t(a) = 2*a**3 + 3*a - 9. Let d(l) = 5*f(l) - 8*t(l). Give d(0).
7
Suppose 2*j - 15 = -3*j. Let s be (-1 + 0)/(1/j). Let v(n) = -n**3 - 4*n**2 + n + 3. What is v(s)?
-9
Let x(c) be the first derivative of -1/2*c**2 + 1/4*c**4 + 8 + 8*c + 1/3*c**3. Calculate x(0).
8
Let z(p) = p